{"id":375,"date":"2021-02-10T20:58:15","date_gmt":"2021-02-10T20:58:15","guid":{"rendered":"http:\/\/tranvia.com.co\/?page_id=375"},"modified":"2021-03-07T00:23:38","modified_gmt":"2021-03-07T00:23:38","slug":"ingenieria-de-transporte","status":"publish","type":"page","link":"https:\/\/tranvia.com.co\/index.php\/nuestras-especialidades\/ingenieria-de-transporte\/","title":{"rendered":"Ingenier\u00eda de transporte"},"content":{"rendered":"\t\t<div data-elementor-type=\"wp-page\" data-elementor-id=\"375\" class=\"elementor elementor-375\" data-elementor-settings=\"[]\">\n\t\t\t\t\t\t\t<div class=\"elementor-section-wrap\">\n\t\t\t\t\t\t\t<section class=\"elementor-section elementor-top-section elementor-element elementor-element-653c1f3 elementor-section-boxed elementor-section-height-default elementor-section-height-default\" data-id=\"653c1f3\" data-element_type=\"section\">\n\t\t\t\t\t\t<div class=\"elementor-container elementor-column-gap-default\">\n\t\t\t\t\t<div class=\"elementor-column elementor-col-100 elementor-top-column elementor-element elementor-element-115af23b\" data-id=\"115af23b\" data-element_type=\"column\">\n\t\t\t<div class=\"elementor-widget-wrap elementor-element-populated\">\n\t\t\t\t\t\t\t\t<div class=\"elementor-element elementor-element-695a7af0 elementor-widget elementor-widget-spacer\" data-id=\"695a7af0\" data-element_type=\"widget\" data-widget_type=\"spacer.default\">\n\t\t\t\t<div class=\"elementor-widget-container\">\n\t\t\t\t\t<div class=\"elementor-spacer\">\n\t\t\t<div class=\"elementor-spacer-inner\"><\/div>\n\t\t<\/div>\n\t\t\t\t<\/div>\n\t\t\t\t<\/div>\n\t\t\t\t\t<\/div>\n\t\t<\/div>\n\t\t\t\t\t\t\t<\/div>\n\t\t<\/section>\n\t\t\t\t<section class=\"elementor-section elementor-top-section elementor-element elementor-element-1e1c97df elementor-section-full_width elementor-section-stretched elementor-section-height-default elementor-section-height-default\" data-id=\"1e1c97df\" data-element_type=\"section\" data-settings=\"{&quot;stretch_section&quot;:&quot;section-stretched&quot;}\">\n\t\t\t\t\t\t<div class=\"elementor-container elementor-column-gap-default\">\n\t\t\t\t\t<div class=\"elementor-column elementor-col-100 elementor-top-column elementor-element elementor-element-5fda07c0\" data-id=\"5fda07c0\" data-element_type=\"column\">\n\t\t\t<div class=\"elementor-widget-wrap elementor-element-populated\">\n\t\t\t\t\t\t\t\t<div class=\"elementor-element elementor-element-72395f86 elementor-widget elementor-widget-heading\" data-id=\"72395f86\" data-element_type=\"widget\" data-widget_type=\"heading.default\">\n\t\t\t\t<div class=\"elementor-widget-container\">\n\t\t\t<h1 class=\"elementor-heading-title elementor-size-default\">Ingenier\u00eda de transporte<\/h1>\t\t<\/div>\n\t\t\t\t<\/div>\n\t\t\t\t\t<\/div>\n\t\t<\/div>\n\t\t\t\t\t\t\t<\/div>\n\t\t<\/section>\n\t\t\t\t<section class=\"elementor-section elementor-top-section elementor-element elementor-element-4ae6790d elementor-section-boxed elementor-section-height-default elementor-section-height-default\" data-id=\"4ae6790d\" data-element_type=\"section\">\n\t\t\t\t\t\t<div class=\"elementor-container elementor-column-gap-default\">\n\t\t\t\t\t<div class=\"elementor-column elementor-col-100 elementor-top-column elementor-element elementor-element-44162153\" data-id=\"44162153\" data-element_type=\"column\">\n\t\t\t<div class=\"elementor-widget-wrap elementor-element-populated\">\n\t\t\t\t\t\t\t\t<div class=\"elementor-element elementor-element-7239b807 elementor-widget-divider--view-line elementor-widget elementor-widget-divider\" data-id=\"7239b807\" data-element_type=\"widget\" data-widget_type=\"divider.default\">\n\t\t\t\t<div class=\"elementor-widget-container\">\n\t\t\t\t\t<div class=\"elementor-divider\">\n\t\t\t<span class=\"elementor-divider-separator\">\n\t\t\t\t\t\t<\/span>\n\t\t<\/div>\n\t\t\t\t<\/div>\n\t\t\t\t<\/div>\n\t\t\t\t\t<\/div>\n\t\t<\/div>\n\t\t\t\t\t\t\t<\/div>\n\t\t<\/section>\n\t\t\t\t<section class=\"elementor-section elementor-top-section elementor-element elementor-element-e884880 elementor-section-boxed elementor-section-height-default elementor-section-height-default\" data-id=\"e884880\" data-element_type=\"section\">\n\t\t\t\t\t\t<div class=\"elementor-container elementor-column-gap-default\">\n\t\t\t\t\t<div class=\"elementor-column elementor-col-100 elementor-top-column elementor-element elementor-element-0c68907\" data-id=\"0c68907\" data-element_type=\"column\">\n\t\t\t<div class=\"elementor-widget-wrap elementor-element-populated\">\n\t\t\t\t\t\t\t\t<div class=\"elementor-element elementor-element-115a55e elementor-widget elementor-widget-spacer\" data-id=\"115a55e\" data-element_type=\"widget\" data-widget_type=\"spacer.default\">\n\t\t\t\t<div class=\"elementor-widget-container\">\n\t\t\t\t\t<div class=\"elementor-spacer\">\n\t\t\t<div class=\"elementor-spacer-inner\"><\/div>\n\t\t<\/div>\n\t\t\t\t<\/div>\n\t\t\t\t<\/div>\n\t\t\t\t\t<\/div>\n\t\t<\/div>\n\t\t\t\t\t\t\t<\/div>\n\t\t<\/section>\n\t\t\t\t<section class=\"elementor-section elementor-top-section elementor-element elementor-element-0b9774e elementor-section-boxed elementor-section-height-default elementor-section-height-default\" data-id=\"0b9774e\" data-element_type=\"section\">\n\t\t\t\t\t\t<div class=\"elementor-container elementor-column-gap-default\">\n\t\t\t\t\t<div class=\"elementor-column elementor-col-33 elementor-top-column elementor-element elementor-element-a7a1dd9\" data-id=\"a7a1dd9\" data-element_type=\"column\">\n\t\t\t<div class=\"elementor-widget-wrap elementor-element-populated\">\n\t\t\t\t\t\t\t\t<div class=\"elementor-element elementor-element-94fb2b0 elementor-widget elementor-widget-heading\" data-id=\"94fb2b0\" data-element_type=\"widget\" data-widget_type=\"heading.default\">\n\t\t\t\t<div class=\"elementor-widget-container\">\n\t\t\t<h3 class=\"elementor-heading-title elementor-size-default\">Estudios de transporte y movilidad urbana.<\/h3>\t\t<\/div>\n\t\t\t\t<\/div>\n\t\t\t\t<div class=\"elementor-element elementor-element-ddf8126 elementor-widget elementor-widget-text-editor\" data-id=\"ddf8126\" data-element_type=\"widget\" data-widget_type=\"text-editor.default\">\n\t\t\t\t<div class=\"elementor-widget-container\">\n\t\t\t\t\t<div class=\"elementor-text-editor elementor-clearfix\"><ul><li>Estudios de origen destino.<\/li><li>Estudios de oferta y demanda.<\/li><li>Diagn\u00f3stico de los modelos actuales de transporte.<\/li><li>Estudio de tarifas para transporte p\u00fablico.<\/li><\/ul><\/div>\n\t\t\t\t<\/div>\n\t\t\t\t<\/div>\n\t\t\t\t<div class=\"elementor-element elementor-element-bc64749 elementor-widget elementor-widget-heading\" data-id=\"bc64749\" data-element_type=\"widget\" data-widget_type=\"heading.default\">\n\t\t\t\t<div class=\"elementor-widget-container\">\n\t\t\t<h3 class=\"elementor-heading-title elementor-size-default\">Estudio de ciclov\u00edas y redes para uso de transporte no motorizado.<\/h3>\t\t<\/div>\n\t\t\t\t<\/div>\n\t\t\t\t\t<\/div>\n\t\t<\/div>\n\t\t\t\t<div class=\"elementor-column elementor-col-66 elementor-top-column elementor-element elementor-element-a0eb3c1\" data-id=\"a0eb3c1\" data-element_type=\"column\">\n\t\t\t<div class=\"elementor-widget-wrap elementor-element-populated\">\n\t\t\t\t\t\t\t\t<div class=\"elementor-element elementor-element-5ca4755 elementor-widget elementor-widget-image\" data-id=\"5ca4755\" data-element_type=\"widget\" data-widget_type=\"image.default\">\n\t\t\t\t<div class=\"elementor-widget-container\">\n\t\t\t\t\t<div class=\"elementor-image\">\n\t\t\t\t\t\t\t\t\t\t<img decoding=\"async\" src=\"https:\/\/tranvia.com.co\/wp-content\/uploads\/elementor\/thumbs\/tranvia-sas-estudios-de-transporte-y-movilidad-urbana-p3juaj7wtzmk15iejxlq7gyttuplzl7fa82v3thvaw.jpg\" title=\"tranvia-sas-estudios-de-transporte-y-movilidad-urbana\" alt=\"tranvia-sas-estudios-de-transporte-y-movilidad-urbana\" \/>\t\t\t\t\t\t\t\t\t\t\t<\/div>\n\t\t\t\t<\/div>\n\t\t\t\t<\/div>\n\t\t\t\t\t<\/div>\n\t\t<\/div>\n\t\t\t\t\t\t\t<\/div>\n\t\t<\/section>\n\t\t\t\t\t\t<\/div>\n\t\t\t\t\t<\/div>\n\t\t","protected":false},"excerpt":{"rendered":"<p>Ingenier\u00eda de transporte Estudios de transporte y movilidad urbana. Estudios de origen destino. Estudios de oferta y demanda. Diagn\u00f3stico de los modelos actuales de transporte. Estudio de tarifas para transporte p\u00fablico. Estudio de ciclov\u00edas y redes para uso de transporte no motorizado.<\/p>\n","protected":false},"author":1,"featured_media":0,"parent":25,"menu_order":3,"comment_status":"closed","ping_status":"closed","template":"","meta":{"footnotes":""},"class_list":["post-375","page","type-page","status-publish","hentry","entry"],"yoast_head":"<!-- This site is optimized with the Yoast SEO plugin v15.9 - https:\/\/yoast.com\/wordpress\/plugins\/seo\/ -->\n<title>Tranvia | Ingenier\u00eda de transporte<\/title>\n<meta name=\"robots\" content=\"index, follow, max-snippet:-1, max-image-preview:large, max-video-preview:-1\" \/>\n<link rel=\"canonical\" href=\"https:\/\/tranvia.com.co\/index.php\/nuestras-especialidades\/ingenieria-de-transporte\/\" \/>\n<meta property=\"og:locale\" content=\"es_ES\" \/>\n<meta property=\"og:type\" content=\"article\" \/>\n<meta property=\"og:title\" content=\"Tranvia | Ingenier\u00eda de transporte\" \/>\n<meta property=\"og:description\" content=\"Ingenier\u00eda de transporte Estudios de transporte y movilidad urbana. Estudios de origen destino. Estudios de oferta y demanda. Diagn\u00f3stico de los modelos actuales de transporte. Estudio de tarifas para transporte p\u00fablico. Estudio de ciclov\u00edas y redes para uso de transporte no motorizado.\" \/>\n<meta property=\"og:url\" content=\"https:\/\/tranvia.com.co\/index.php\/nuestras-especialidades\/ingenieria-de-transporte\/\" \/>\n<meta property=\"og:site_name\" content=\"Tranvia\" \/>\n<meta property=\"article:modified_time\" content=\"2021-03-07T00:23:38+00:00\" \/>\n<meta property=\"og:image\" content=\"https:\/\/tranvia.com.co\/wp-content\/uploads\/elementor\/thumbs\/tranvia-sas-estudios-de-transporte-y-movilidad-urbana-p3juaj7wtzmk15iejxlq7gyttuplzl7fa82v3thvaw.jpg\" \/>\n<meta name=\"twitter:card\" content=\"summary_large_image\" \/>\n<meta name=\"twitter:label1\" content=\"Tiempo de lectura\">\n\t<meta name=\"twitter:data1\" content=\"1 minuto\">\n<script type=\"application\/ld+json\" class=\"yoast-schema-graph\">{\"@context\":\"https:\/\/schema.org\",\"@graph\":[{\"@type\":\"WebSite\",\"@id\":\"https:\/\/tranvia.com.co\/#website\",\"url\":\"https:\/\/tranvia.com.co\/\",\"name\":\"Tranvia\",\"description\":\"Proyectos de Ingenieria S.A.S.\",\"potentialAction\":[{\"@type\":\"SearchAction\",\"target\":\"https:\/\/tranvia.com.co\/?s={search_term_string}\",\"query-input\":\"required name=search_term_string\"}],\"inLanguage\":\"es\"},{\"@type\":\"ImageObject\",\"@id\":\"https:\/\/tranvia.com.co\/index.php\/nuestras-especialidades\/ingenieria-de-transporte\/#primaryimage\",\"inLanguage\":\"es\",\"url\":\"https:\/\/tranvia.com.co\/wp-content\/uploads\/elementor\/thumbs\/tranvia-sas-estudios-de-transporte-y-movilidad-urbana-p3juaj7wtzmk15iejxlq7gyttuplzl7fa82v3thvaw.jpg\"},{\"@type\":\"WebPage\",\"@id\":\"https:\/\/tranvia.com.co\/index.php\/nuestras-especialidades\/ingenieria-de-transporte\/#webpage\",\"url\":\"https:\/\/tranvia.com.co\/index.php\/nuestras-especialidades\/ingenieria-de-transporte\/\",\"name\":\"Tranvia | Ingenier\\u00eda de transporte\",\"isPartOf\":{\"@id\":\"https:\/\/tranvia.com.co\/#website\"},\"primaryImageOfPage\":{\"@id\":\"https:\/\/tranvia.com.co\/index.php\/nuestras-especialidades\/ingenieria-de-transporte\/#primaryimage\"},\"datePublished\":\"2021-02-10T20:58:15+00:00\",\"dateModified\":\"2021-03-07T00:23:38+00:00\",\"breadcrumb\":{\"@id\":\"https:\/\/tranvia.com.co\/index.php\/nuestras-especialidades\/ingenieria-de-transporte\/#breadcrumb\"},\"inLanguage\":\"es\",\"potentialAction\":[{\"@type\":\"ReadAction\",\"target\":[\"https:\/\/tranvia.com.co\/index.php\/nuestras-especialidades\/ingenieria-de-transporte\/\"]}]},{\"@type\":\"BreadcrumbList\",\"@id\":\"https:\/\/tranvia.com.co\/index.php\/nuestras-especialidades\/ingenieria-de-transporte\/#breadcrumb\",\"itemListElement\":[{\"@type\":\"ListItem\",\"position\":1,\"item\":{\"@type\":\"WebPage\",\"@id\":\"https:\/\/tranvia.com.co\/\",\"url\":\"https:\/\/tranvia.com.co\/\",\"name\":\"Portada\"}},{\"@type\":\"ListItem\",\"position\":2,\"item\":{\"@type\":\"WebPage\",\"@id\":\"https:\/\/tranvia.com.co\/index.php\/nuestras-especialidades\/\",\"url\":\"https:\/\/tranvia.com.co\/index.php\/nuestras-especialidades\/\",\"name\":\"Nuestras Especialidades\"}},{\"@type\":\"ListItem\",\"position\":3,\"item\":{\"@type\":\"WebPage\",\"@id\":\"https:\/\/tranvia.com.co\/index.php\/nuestras-especialidades\/ingenieria-de-transporte\/\",\"url\":\"https:\/\/tranvia.com.co\/index.php\/nuestras-especialidades\/ingenieria-de-transporte\/\",\"name\":\"Ingenier\\u00eda de transporte\"}}]}]}<\/script>\n<!-- \/ Yoast SEO plugin. -->","_links":{"self":[{"href":"https:\/\/tranvia.com.co\/index.php\/wp-json\/wp\/v2\/pages\/375","targetHints":{"allow":["GET"]}}],"collection":[{"href":"https:\/\/tranvia.com.co\/index.php\/wp-json\/wp\/v2\/pages"}],"about":[{"href":"https:\/\/tranvia.com.co\/index.php\/wp-json\/wp\/v2\/types\/page"}],"author":[{"embeddable":true,"href":"https:\/\/tranvia.com.co\/index.php\/wp-json\/wp\/v2\/users\/1"}],"replies":[{"embeddable":true,"href":"https:\/\/tranvia.com.co\/index.php\/wp-json\/wp\/v2\/comments?post=375"}],"version-history":[{"count":58,"href":"https:\/\/tranvia.com.co\/index.php\/wp-json\/wp\/v2\/pages\/375\/revisions"}],"predecessor-version":[{"id":1119,"href":"https:\/\/tranvia.com.co\/index.php\/wp-json\/wp\/v2\/pages\/375\/revisions\/1119"}],"up":[{"embeddable":true,"href":"https:\/\/tranvia.com.co\/index.php\/wp-json\/wp\/v2\/pages\/25"}],"wp:attachment":[{"href":"https:\/\/tranvia.com.co\/index.php\/wp-json\/wp\/v2\/media?parent=375"}],"curies":[{"name":"wp","href":"https:\/\/api.w.org\/{rel}","templated":true}]}}