{"id":371,"date":"2021-02-10T20:55:40","date_gmt":"2021-02-10T20:55:40","guid":{"rendered":"http:\/\/tranvia.com.co\/?page_id=371"},"modified":"2021-03-06T16:33:46","modified_gmt":"2021-03-06T16:33:46","slug":"ingenieria-de-transito","status":"publish","type":"page","link":"https:\/\/tranvia.com.co\/index.php\/nuestras-especialidades\/ingenieria-de-transito\/","title":{"rendered":"Ingenier\u00eda de tr\u00e1nsito"},"content":{"rendered":"\t\t<div data-elementor-type=\"wp-page\" data-elementor-id=\"371\" class=\"elementor elementor-371\" data-elementor-settings=\"[]\">\n\t\t\t\t\t\t\t<div class=\"elementor-section-wrap\">\n\t\t\t\t\t\t\t<section class=\"elementor-section elementor-top-section elementor-element elementor-element-5035402 elementor-section-boxed elementor-section-height-default elementor-section-height-default\" data-id=\"5035402\" data-element_type=\"section\">\n\t\t\t\t\t\t<div class=\"elementor-container elementor-column-gap-default\">\n\t\t\t\t\t<div class=\"elementor-column elementor-col-100 elementor-top-column elementor-element elementor-element-dbd4bcb\" data-id=\"dbd4bcb\" data-element_type=\"column\">\n\t\t\t<div class=\"elementor-widget-wrap elementor-element-populated\">\n\t\t\t\t\t\t\t\t<div class=\"elementor-element elementor-element-46bf690 elementor-widget elementor-widget-spacer\" data-id=\"46bf690\" data-element_type=\"widget\" data-widget_type=\"spacer.default\">\n\t\t\t\t<div class=\"elementor-widget-container\">\n\t\t\t\t\t<div class=\"elementor-spacer\">\n\t\t\t<div class=\"elementor-spacer-inner\"><\/div>\n\t\t<\/div>\n\t\t\t\t<\/div>\n\t\t\t\t<\/div>\n\t\t\t\t\t<\/div>\n\t\t<\/div>\n\t\t\t\t\t\t\t<\/div>\n\t\t<\/section>\n\t\t\t\t<section class=\"elementor-section elementor-top-section elementor-element elementor-element-7a2f41b1 elementor-section-boxed elementor-section-height-default elementor-section-height-default\" data-id=\"7a2f41b1\" data-element_type=\"section\">\n\t\t\t\t\t\t<div class=\"elementor-container elementor-column-gap-default\">\n\t\t\t\t\t<div class=\"elementor-column elementor-col-100 elementor-top-column elementor-element elementor-element-593accb8\" data-id=\"593accb8\" data-element_type=\"column\">\n\t\t\t<div class=\"elementor-widget-wrap elementor-element-populated\">\n\t\t\t\t\t\t\t\t<div class=\"elementor-element elementor-element-f486cb7 elementor-widget elementor-widget-heading\" data-id=\"f486cb7\" data-element_type=\"widget\" data-widget_type=\"heading.default\">\n\t\t\t\t<div class=\"elementor-widget-container\">\n\t\t\t<h1 class=\"elementor-heading-title elementor-size-default\">Ingenier\u00eda de tr\u00e1nsito<\/h1>\t\t<\/div>\n\t\t\t\t<\/div>\n\t\t\t\t\t<\/div>\n\t\t<\/div>\n\t\t\t\t\t\t\t<\/div>\n\t\t<\/section>\n\t\t\t\t<section class=\"elementor-section elementor-top-section elementor-element elementor-element-7b577b68 elementor-section-boxed elementor-section-height-default elementor-section-height-default\" data-id=\"7b577b68\" data-element_type=\"section\">\n\t\t\t\t\t\t<div class=\"elementor-container elementor-column-gap-default\">\n\t\t\t\t\t<div class=\"elementor-column elementor-col-100 elementor-top-column elementor-element elementor-element-7fb12e0f\" data-id=\"7fb12e0f\" data-element_type=\"column\">\n\t\t\t<div class=\"elementor-widget-wrap elementor-element-populated\">\n\t\t\t\t\t\t\t\t<div class=\"elementor-element elementor-element-7e123ce0 elementor-widget-divider--view-line elementor-widget elementor-widget-divider\" data-id=\"7e123ce0\" data-element_type=\"widget\" data-widget_type=\"divider.default\">\n\t\t\t\t<div class=\"elementor-widget-container\">\n\t\t\t\t\t<div class=\"elementor-divider\">\n\t\t\t<span class=\"elementor-divider-separator\">\n\t\t\t\t\t\t<\/span>\n\t\t<\/div>\n\t\t\t\t<\/div>\n\t\t\t\t<\/div>\n\t\t\t\t\t<\/div>\n\t\t<\/div>\n\t\t\t\t\t\t\t<\/div>\n\t\t<\/section>\n\t\t\t\t<section class=\"elementor-section elementor-top-section elementor-element elementor-element-1997a41 elementor-section-boxed elementor-section-height-default elementor-section-height-default\" data-id=\"1997a41\" data-element_type=\"section\">\n\t\t\t\t\t\t<div class=\"elementor-container elementor-column-gap-default\">\n\t\t\t\t\t<div class=\"elementor-column elementor-col-100 elementor-top-column elementor-element elementor-element-91fc9f8\" data-id=\"91fc9f8\" data-element_type=\"column\">\n\t\t\t<div class=\"elementor-widget-wrap elementor-element-populated\">\n\t\t\t\t\t\t\t\t<div class=\"elementor-element elementor-element-d5b6e4b elementor-widget elementor-widget-spacer\" data-id=\"d5b6e4b\" data-element_type=\"widget\" data-widget_type=\"spacer.default\">\n\t\t\t\t<div class=\"elementor-widget-container\">\n\t\t\t\t\t<div class=\"elementor-spacer\">\n\t\t\t<div class=\"elementor-spacer-inner\"><\/div>\n\t\t<\/div>\n\t\t\t\t<\/div>\n\t\t\t\t<\/div>\n\t\t\t\t\t<\/div>\n\t\t<\/div>\n\t\t\t\t\t\t\t<\/div>\n\t\t<\/section>\n\t\t\t\t<section class=\"elementor-section elementor-top-section elementor-element elementor-element-c179a9f elementor-section-boxed elementor-section-height-default elementor-section-height-default\" data-id=\"c179a9f\" data-element_type=\"section\">\n\t\t\t\t\t\t<div class=\"elementor-container elementor-column-gap-default\">\n\t\t\t\t\t<div class=\"elementor-column elementor-col-33 elementor-top-column elementor-element elementor-element-0c7d988\" data-id=\"0c7d988\" data-element_type=\"column\">\n\t\t\t<div class=\"elementor-widget-wrap elementor-element-populated\">\n\t\t\t\t\t\t\t\t<div class=\"elementor-element elementor-element-63e138dd elementor-widget elementor-widget-heading\" data-id=\"63e138dd\" data-element_type=\"widget\" data-widget_type=\"heading.default\">\n\t\t\t\t<div class=\"elementor-widget-container\">\n\t\t\t<h3 class=\"elementor-heading-title elementor-size-default\">Estudios de impacto vial en proyectos urban\u00edsticos <\/h3>\t\t<\/div>\n\t\t\t\t<\/div>\n\t\t\t\t<div class=\"elementor-element elementor-element-9a5c79b elementor-widget elementor-widget-text-editor\" data-id=\"9a5c79b\" data-element_type=\"widget\" data-widget_type=\"text-editor.default\">\n\t\t\t\t<div class=\"elementor-widget-container\">\n\t\t\t\t\t<div class=\"elementor-text-editor elementor-clearfix\"><ul><li>Estudios de demanda y atenci\u00f3n de usuarios (EDAU) para proyectos construidos sobre v\u00edas de malla vial arterial.<\/li><li>Estudios de tr\u00e1nsito en proyectos urban\u00edsticos<\/li><li>Estudios de tr\u00e1nsito para esquemas b\u00e1sicos de implantaci\u00f3n (EBI)<\/li><li>Estudios de tr\u00e1nsito para planes parciales<\/li><\/ul><\/div>\n\t\t\t\t<\/div>\n\t\t\t\t<\/div>\n\t\t\t\t\t<\/div>\n\t\t<\/div>\n\t\t\t\t<div class=\"elementor-column elementor-col-66 elementor-top-column elementor-element elementor-element-2ca611c\" data-id=\"2ca611c\" data-element_type=\"column\">\n\t\t\t<div class=\"elementor-widget-wrap elementor-element-populated\">\n\t\t\t\t\t\t\t\t<div class=\"elementor-element elementor-element-6083f62 elementor-widget elementor-widget-image\" data-id=\"6083f62\" data-element_type=\"widget\" data-widget_type=\"image.default\">\n\t\t\t\t<div class=\"elementor-widget-container\">\n\t\t\t\t\t<div class=\"elementor-image\">\n\t\t\t\t\t\t\t\t\t\t<img decoding=\"async\" src=\"https:\/\/tranvia.com.co\/wp-content\/uploads\/elementor\/thumbs\/tranvia-sas-estudios-de-impacto-vial-en-proyectos-urbanisticos-p3hliplygr1bo9aa70egp90966zxw1cotu7so0yc3c.jpg\" title=\"tranvia-sas-estudios-de-impacto-vial-en-proyectos-urbanisticos\" alt=\"tranvia-sas-estudios-de-impacto-vial-en-proyectos-urbanisticos\" \/>\t\t\t\t\t\t\t\t\t\t\t<\/div>\n\t\t\t\t<\/div>\n\t\t\t\t<\/div>\n\t\t\t\t\t<\/div>\n\t\t<\/div>\n\t\t\t\t\t\t\t<\/div>\n\t\t<\/section>\n\t\t\t\t<section class=\"elementor-section elementor-top-section elementor-element elementor-element-9aa2aef elementor-section-boxed elementor-section-height-default elementor-section-height-default\" data-id=\"9aa2aef\" data-element_type=\"section\">\n\t\t\t\t\t\t<div class=\"elementor-container elementor-column-gap-default\">\n\t\t\t\t\t<div class=\"elementor-column elementor-col-100 elementor-top-column elementor-element elementor-element-a999c4c\" data-id=\"a999c4c\" data-element_type=\"column\">\n\t\t\t<div class=\"elementor-widget-wrap elementor-element-populated\">\n\t\t\t\t\t\t\t\t<div class=\"elementor-element elementor-element-3a5b29d elementor-widget elementor-widget-spacer\" data-id=\"3a5b29d\" data-element_type=\"widget\" data-widget_type=\"spacer.default\">\n\t\t\t\t<div class=\"elementor-widget-container\">\n\t\t\t\t\t<div class=\"elementor-spacer\">\n\t\t\t<div class=\"elementor-spacer-inner\"><\/div>\n\t\t<\/div>\n\t\t\t\t<\/div>\n\t\t\t\t<\/div>\n\t\t\t\t\t<\/div>\n\t\t<\/div>\n\t\t\t\t\t\t\t<\/div>\n\t\t<\/section>\n\t\t\t\t<section class=\"elementor-section elementor-top-section elementor-element elementor-element-b8dba61 elementor-section-boxed elementor-section-height-default elementor-section-height-default\" data-id=\"b8dba61\" data-element_type=\"section\">\n\t\t\t\t\t\t<div class=\"elementor-container elementor-column-gap-default\">\n\t\t\t\t\t<div class=\"elementor-column elementor-col-33 elementor-top-column elementor-element elementor-element-64ae57c\" data-id=\"64ae57c\" data-element_type=\"column\">\n\t\t\t<div class=\"elementor-widget-wrap elementor-element-populated\">\n\t\t\t\t\t\t\t\t<div class=\"elementor-element elementor-element-c2b1d1e elementor-widget elementor-widget-heading\" data-id=\"c2b1d1e\" data-element_type=\"widget\" data-widget_type=\"heading.default\">\n\t\t\t\t<div class=\"elementor-widget-container\">\n\t\t\t<h3 class=\"elementor-heading-title elementor-size-default\">Gesti\u00f3n del tr\u00e1nsito <\/h3>\t\t<\/div>\n\t\t\t\t<\/div>\n\t\t\t\t<div class=\"elementor-element elementor-element-8d6b7ea elementor-widget elementor-widget-text-editor\" data-id=\"8d6b7ea\" data-element_type=\"widget\" data-widget_type=\"text-editor.default\">\n\t\t\t\t<div class=\"elementor-widget-container\">\n\t\t\t\t\t<div class=\"elementor-text-editor elementor-clearfix\"><ul><li>Estudios de tr\u00e1nsito para proyectos de infraestructura vial urbanos y rurales para estimar demanda actual y futura<\/li><li>Planes de manejo de tr\u00e1nsito para uso temporal de v\u00eda y aprobaciones y tramites antes entidades.<\/li><li>Dise\u00f1os para regular el tr\u00e1nsito<\/li><li>Dise\u00f1os de semaforizaci\u00f3n<\/li><li>Dise\u00f1os de se\u00f1alizaci\u00f3n vial<\/li><\/ul><\/div>\n\t\t\t\t<\/div>\n\t\t\t\t<\/div>\n\t\t\t\t\t<\/div>\n\t\t<\/div>\n\t\t\t\t<div class=\"elementor-column elementor-col-66 elementor-top-column elementor-element elementor-element-170edff\" data-id=\"170edff\" data-element_type=\"column\">\n\t\t\t<div class=\"elementor-widget-wrap elementor-element-populated\">\n\t\t\t\t\t\t\t\t<div class=\"elementor-element elementor-element-c21dceb elementor-widget elementor-widget-image\" data-id=\"c21dceb\" data-element_type=\"widget\" data-widget_type=\"image.default\">\n\t\t\t\t<div class=\"elementor-widget-container\">\n\t\t\t\t\t<div class=\"elementor-image\">\n\t\t\t\t\t\t\t\t\t\t<img decoding=\"async\" src=\"https:\/\/tranvia.com.co\/wp-content\/uploads\/elementor\/thumbs\/tranvia-consultoria-en-transito-01-p2mjcj21z83griqbcf3oyr3ndgqk7y1g24xenc8b08.png\" title=\"tranvia-consultoria-en-transito-01\" alt=\"tranvia-consultoria-en-transito-01\" \/>\t\t\t\t\t\t\t\t\t\t\t<\/div>\n\t\t\t\t<\/div>\n\t\t\t\t<\/div>\n\t\t\t\t\t<\/div>\n\t\t<\/div>\n\t\t\t\t\t\t\t<\/div>\n\t\t<\/section>\n\t\t\t\t<section class=\"elementor-section elementor-top-section elementor-element elementor-element-6b068a2 elementor-section-boxed elementor-section-height-default elementor-section-height-default\" data-id=\"6b068a2\" data-element_type=\"section\">\n\t\t\t\t\t\t<div class=\"elementor-container elementor-column-gap-default\">\n\t\t\t\t\t<div class=\"elementor-column elementor-col-100 elementor-top-column elementor-element elementor-element-def7971\" data-id=\"def7971\" data-element_type=\"column\">\n\t\t\t<div class=\"elementor-widget-wrap elementor-element-populated\">\n\t\t\t\t\t\t\t\t<div class=\"elementor-element elementor-element-2977bbc elementor-widget elementor-widget-spacer\" data-id=\"2977bbc\" data-element_type=\"widget\" data-widget_type=\"spacer.default\">\n\t\t\t\t<div class=\"elementor-widget-container\">\n\t\t\t\t\t<div class=\"elementor-spacer\">\n\t\t\t<div class=\"elementor-spacer-inner\"><\/div>\n\t\t<\/div>\n\t\t\t\t<\/div>\n\t\t\t\t<\/div>\n\t\t\t\t\t<\/div>\n\t\t<\/div>\n\t\t\t\t\t\t\t<\/div>\n\t\t<\/section>\n\t\t\t\t<section class=\"elementor-section elementor-top-section elementor-element elementor-element-34d7fee elementor-section-boxed elementor-section-height-default elementor-section-height-default\" data-id=\"34d7fee\" data-element_type=\"section\">\n\t\t\t\t\t\t<div class=\"elementor-container elementor-column-gap-default\">\n\t\t\t\t\t<div class=\"elementor-column elementor-col-33 elementor-top-column elementor-element elementor-element-340eddb\" data-id=\"340eddb\" data-element_type=\"column\">\n\t\t\t<div class=\"elementor-widget-wrap elementor-element-populated\">\n\t\t\t\t\t\t\t\t<div class=\"elementor-element elementor-element-6fa759b elementor-widget elementor-widget-heading\" data-id=\"6fa759b\" data-element_type=\"widget\" data-widget_type=\"heading.default\">\n\t\t\t\t<div class=\"elementor-widget-container\">\n\t\t\t<h3 class=\"elementor-heading-title elementor-size-default\">Estudios de estacionamientos.<\/h3>\t\t<\/div>\n\t\t\t\t<\/div>\n\t\t\t\t<div class=\"elementor-element elementor-element-4f6c5cf elementor-widget elementor-widget-text-editor\" data-id=\"4f6c5cf\" data-element_type=\"widget\" data-widget_type=\"text-editor.default\">\n\t\t\t\t<div class=\"elementor-widget-container\">\n\t\t\t\t\t<div class=\"elementor-text-editor elementor-clearfix\"><ul><li>Estudio de demanda y d\u00e9ficit de estacionamientos.<\/li><li>Estudio de accesibilidad de estacionamientos.<\/li><li>Dise\u00f1o geom\u00e9trico de estacionamientos.<\/li><\/ul><\/div>\n\t\t\t\t<\/div>\n\t\t\t\t<\/div>\n\t\t\t\t\t<\/div>\n\t\t<\/div>\n\t\t\t\t<div class=\"elementor-column elementor-col-66 elementor-top-column elementor-element elementor-element-02e7c60\" data-id=\"02e7c60\" data-element_type=\"column\">\n\t\t\t<div class=\"elementor-widget-wrap elementor-element-populated\">\n\t\t\t\t\t\t\t\t<div class=\"elementor-element elementor-element-202a42b elementor-widget elementor-widget-image\" data-id=\"202a42b\" data-element_type=\"widget\" data-widget_type=\"image.default\">\n\t\t\t\t<div class=\"elementor-widget-container\">\n\t\t\t\t\t<div class=\"elementor-image\">\n\t\t\t\t\t\t\t\t\t\t<img decoding=\"async\" src=\"https:\/\/tranvia.com.co\/wp-content\/uploads\/elementor\/thumbs\/tranvia-sas-estudios-de-estacionamientos-p3jteqchls3b83pe96q4uhveajgjk8ycwthgksndtk.jpg\" title=\"tranvia-sas-estudios-de-estacionamientos\" alt=\"tranvia-sas-estudios-de-estacionamientos\" \/>\t\t\t\t\t\t\t\t\t\t\t<\/div>\n\t\t\t\t<\/div>\n\t\t\t\t<\/div>\n\t\t\t\t\t<\/div>\n\t\t<\/div>\n\t\t\t\t\t\t\t<\/div>\n\t\t<\/section>\n\t\t\t\t\t\t<\/div>\n\t\t\t\t\t<\/div>\n\t\t","protected":false},"excerpt":{"rendered":"<p>Ingenier\u00eda de tr\u00e1nsito Estudios de impacto vial en proyectos urban\u00edsticos Estudios de demanda y atenci\u00f3n de usuarios (EDAU) para proyectos construidos sobre v\u00edas de malla vial arterial. Estudios de tr\u00e1nsito en proyectos urban\u00edsticos Estudios de tr\u00e1nsito para esquemas b\u00e1sicos de implantaci\u00f3n (EBI) Estudios de tr\u00e1nsito para planes parciales Gesti\u00f3n del tr\u00e1nsito Estudios de tr\u00e1nsito para [&hellip;]<\/p>\n","protected":false},"author":1,"featured_media":0,"parent":25,"menu_order":1,"comment_status":"closed","ping_status":"closed","template":"","meta":{"footnotes":""},"class_list":["post-371","page","type-page","status-publish","hentry","entry"],"yoast_head":"<!-- This site is optimized with the Yoast SEO plugin v15.9 - https:\/\/yoast.com\/wordpress\/plugins\/seo\/ -->\n<title>Tranvia | Ingenier\u00eda de tr\u00e1nsito<\/title>\n<meta name=\"robots\" content=\"index, follow, max-snippet:-1, max-image-preview:large, max-video-preview:-1\" \/>\n<link rel=\"canonical\" href=\"https:\/\/tranvia.com.co\/index.php\/nuestras-especialidades\/ingenieria-de-transito\/\" \/>\n<meta property=\"og:locale\" content=\"es_ES\" \/>\n<meta property=\"og:type\" content=\"article\" \/>\n<meta property=\"og:title\" content=\"Tranvia | Ingenier\u00eda de tr\u00e1nsito\" \/>\n<meta property=\"og:description\" content=\"Ingenier\u00eda de tr\u00e1nsito Estudios de impacto vial en proyectos urban\u00edsticos Estudios de demanda y atenci\u00f3n de usuarios (EDAU) para proyectos construidos sobre v\u00edas de malla vial arterial. Estudios de tr\u00e1nsito en proyectos urban\u00edsticos Estudios de tr\u00e1nsito para esquemas b\u00e1sicos de implantaci\u00f3n (EBI) Estudios de tr\u00e1nsito para planes parciales Gesti\u00f3n del tr\u00e1nsito Estudios de tr\u00e1nsito para [&hellip;]\" \/>\n<meta property=\"og:url\" content=\"https:\/\/tranvia.com.co\/index.php\/nuestras-especialidades\/ingenieria-de-transito\/\" \/>\n<meta property=\"og:site_name\" content=\"Tranvia\" \/>\n<meta property=\"article:modified_time\" content=\"2021-03-06T16:33:46+00:00\" \/>\n<meta property=\"og:image\" content=\"https:\/\/tranvia.com.co\/wp-content\/uploads\/elementor\/thumbs\/tranvia-sas-estudios-de-impacto-vial-en-proyectos-urbanisticos-p3hliplygr1bo9aa70egp90966zxw1cotu7so0yc3c.jpg\" \/>\n<meta name=\"twitter:card\" content=\"summary_large_image\" \/>\n<meta name=\"twitter:label1\" content=\"Tiempo de lectura\">\n\t<meta name=\"twitter:data1\" content=\"2 minutos\">\n<script type=\"application\/ld+json\" class=\"yoast-schema-graph\">{\"@context\":\"https:\/\/schema.org\",\"@graph\":[{\"@type\":\"WebSite\",\"@id\":\"https:\/\/tranvia.com.co\/#website\",\"url\":\"https:\/\/tranvia.com.co\/\",\"name\":\"Tranvia\",\"description\":\"Proyectos de Ingenieria S.A.S.\",\"potentialAction\":[{\"@type\":\"SearchAction\",\"target\":\"https:\/\/tranvia.com.co\/?s={search_term_string}\",\"query-input\":\"required name=search_term_string\"}],\"inLanguage\":\"es\"},{\"@type\":\"ImageObject\",\"@id\":\"https:\/\/tranvia.com.co\/index.php\/nuestras-especialidades\/ingenieria-de-transito\/#primaryimage\",\"inLanguage\":\"es\",\"url\":\"https:\/\/tranvia.com.co\/wp-content\/uploads\/elementor\/thumbs\/tranvia-sas-estudios-de-impacto-vial-en-proyectos-urbanisticos-p3hliplygr1bo9aa70egp90966zxw1cotu7so0yc3c.jpg\"},{\"@type\":\"WebPage\",\"@id\":\"https:\/\/tranvia.com.co\/index.php\/nuestras-especialidades\/ingenieria-de-transito\/#webpage\",\"url\":\"https:\/\/tranvia.com.co\/index.php\/nuestras-especialidades\/ingenieria-de-transito\/\",\"name\":\"Tranvia | Ingenier\\u00eda de tr\\u00e1nsito\",\"isPartOf\":{\"@id\":\"https:\/\/tranvia.com.co\/#website\"},\"primaryImageOfPage\":{\"@id\":\"https:\/\/tranvia.com.co\/index.php\/nuestras-especialidades\/ingenieria-de-transito\/#primaryimage\"},\"datePublished\":\"2021-02-10T20:55:40+00:00\",\"dateModified\":\"2021-03-06T16:33:46+00:00\",\"breadcrumb\":{\"@id\":\"https:\/\/tranvia.com.co\/index.php\/nuestras-especialidades\/ingenieria-de-transito\/#breadcrumb\"},\"inLanguage\":\"es\",\"potentialAction\":[{\"@type\":\"ReadAction\",\"target\":[\"https:\/\/tranvia.com.co\/index.php\/nuestras-especialidades\/ingenieria-de-transito\/\"]}]},{\"@type\":\"BreadcrumbList\",\"@id\":\"https:\/\/tranvia.com.co\/index.php\/nuestras-especialidades\/ingenieria-de-transito\/#breadcrumb\",\"itemListElement\":[{\"@type\":\"ListItem\",\"position\":1,\"item\":{\"@type\":\"WebPage\",\"@id\":\"https:\/\/tranvia.com.co\/\",\"url\":\"https:\/\/tranvia.com.co\/\",\"name\":\"Portada\"}},{\"@type\":\"ListItem\",\"position\":2,\"item\":{\"@type\":\"WebPage\",\"@id\":\"https:\/\/tranvia.com.co\/index.php\/nuestras-especialidades\/\",\"url\":\"https:\/\/tranvia.com.co\/index.php\/nuestras-especialidades\/\",\"name\":\"Nuestras Especialidades\"}},{\"@type\":\"ListItem\",\"position\":3,\"item\":{\"@type\":\"WebPage\",\"@id\":\"https:\/\/tranvia.com.co\/index.php\/nuestras-especialidades\/ingenieria-de-transito\/\",\"url\":\"https:\/\/tranvia.com.co\/index.php\/nuestras-especialidades\/ingenieria-de-transito\/\",\"name\":\"Ingenier\\u00eda de tr\\u00e1nsito\"}}]}]}<\/script>\n<!-- \/ Yoast SEO plugin. -->","_links":{"self":[{"href":"https:\/\/tranvia.com.co\/index.php\/wp-json\/wp\/v2\/pages\/371","targetHints":{"allow":["GET"]}}],"collection":[{"href":"https:\/\/tranvia.com.co\/index.php\/wp-json\/wp\/v2\/pages"}],"about":[{"href":"https:\/\/tranvia.com.co\/index.php\/wp-json\/wp\/v2\/types\/page"}],"author":[{"embeddable":true,"href":"https:\/\/tranvia.com.co\/index.php\/wp-json\/wp\/v2\/users\/1"}],"replies":[{"embeddable":true,"href":"https:\/\/tranvia.com.co\/index.php\/wp-json\/wp\/v2\/comments?post=371"}],"version-history":[{"count":149,"href":"https:\/\/tranvia.com.co\/index.php\/wp-json\/wp\/v2\/pages\/371\/revisions"}],"predecessor-version":[{"id":1061,"href":"https:\/\/tranvia.com.co\/index.php\/wp-json\/wp\/v2\/pages\/371\/revisions\/1061"}],"up":[{"embeddable":true,"href":"https:\/\/tranvia.com.co\/index.php\/wp-json\/wp\/v2\/pages\/25"}],"wp:attachment":[{"href":"https:\/\/tranvia.com.co\/index.php\/wp-json\/wp\/v2\/media?parent=371"}],"curies":[{"name":"wp","href":"https:\/\/api.w.org\/{rel}","templated":true}]}}